 prime?
False
Is 19292869 composite?
False
Is 21472826 a composite number?
True
Is 247056059 prime?
True
Is 3460217 a composite number?
False
Is 1167409 composite?
False
Is 17351 a composite number?
False
Is 55763 a prime number?
True
Is 262717189 a composite number?
True
Is 36436757 a prime number?
False
Is 65342237 prime?
False
Is 223927 a prime number?
False
Is 4304849 prime?
False
Is 775084199 composite?
True
Is 401231 prime?
True
Is 25675649 prime?
True
Is 108721631 composite?
False
Is 197759015 prime?
False
Is 23577473 composite?
True
Is 694951949 prime?
True
Is 528711 a prime number?
False
Is 31709 prime?
False
Is 1292219 a composite number?
False
Is 1976594 prime?
False
Is 141502489 a prime number?
True
Is 887647 a composite number?
True
Is 105962271 composite?
True
Is 470108957 a prime number?
True
Is 52733983 prime?
False
Is 1660706 a prime number?
False
Is 15497747 a composite number?
False
Is 130918589 prime?
False
Is 80839399 a prime number?
False
Is 40021382 a composite number?
True
Is 431698747 a prime number?
True
Is 4398431 prime?
True
Is 24030493 composite?
True
Is 341294333 a prime number?
True
Is 12423109 composite?
False
Is 626112901 prime?
True
Is 15466951 a composite number?
False
Is 5599466 a composite number?
True
Is 901114 composite?
True
Is 94580533 a prime number?
False
Is 114532849 a prime number?
True
Is 111776299 prime?
False
Is 40501889 composite?
False
Is 406621 a composite number?
True
Is 386003 a composite number?
True
Is 344417 composite?
False
Is 25471811 a prime number?
True
Is 124897987 prime?
False
Is 1762841 prime?
False
Is 36555281 composite?
True
Is 2620073 a prime number?
True
Is 12582751 a prime number?
True
Is 2441707 composite?
True
Is 12174629 a composite number?
False
Is 109569323 composite?
False
Is 18925447 a prime number?
True
Is 84154589 composite?
False
Is 83099537 prime?
True
Is 69229723 a composite number?
True
Is 213193 a prime number?
True
Is 86935033 a prime number?
True
Is 126187939 a prime number?
False
Is 18308503 composite?
True
Is 44131577 prime?
False
Is 5330459 composite?
False
Is 150148839 prime?
False
Is 3769027 a composite number?
False
Is 1334189 a prime number?
False
Is 2103355 a composite number?
True
Is 24297001 a composite number?
False
Is 9616154 composite?
True
Is 8957671 a composite number?
False
Is 18299965 a composite number?
True
Is 36602803 a composite number?
True
Is 35754361 prime?
False
Is 10482257 prime?
False
Is 4391663 a prime number?
False
Is 858673 composite?
False
Is 378019 composite?
False
Is 2290646 composite?
True
Is 85202411 composite?
True
Is 33939127 a composite number?
False
Is 102433523 prime?
False
Is 18020899 composite?
True
Is 17876237 a composite number?
False
Is 2156141 composite?
True
Is 6518621 prime?
True
Is 94994747 prime?
True
Is 12971657 composite?
False
Is 67391 composite?
False
Is 35572423 composite?
True
Is 34092223 composite?
True
Is 514097 prime?
False
Is 48954233 a prime number?
False
Is 83685317 a prime number?
True
Is 40872329 a composite number?
True
Is 22879277 prime?
True
Is 89789149 prime?
False
Is 248693 prime?
False
Is 234098833 composite?
False
Is 9483434 prime?
False
Is 74951131 prime?
True
Is 1447981037 a prime number?
True
Is 7693159 prime?
True
Is 21126169 a composite number?
False
Is 14863669 prime?
True
Is 12852691 composite?
True
Is 449921 a composite number?
False
Is 539720681 composite?
False
Is 1038993 a composite number?
True
Is 145772929 composite?
True
Is 38735405 prime?
False
Is 23851361 composite?
False
Is 31207 a composite number?
True
Is 339651511 prime?
False
Is 324380627 a prime number?
True
Is 31212887 a prime number?
True
Is 45223133 a prime number?
False
Is 18072727 prime?
False
Is 18516497 composite?
True
Is 1772711 a composite number?
False
Is 56731573 prime?
True
Is 906122137 a composite number?
True
Is 34975063 composite?
False
Is 10491799 a composite number?
False
Is 3085711 a composite number?
False
Is 14524663 a composite number?
False
Is 72569429 a prime number?
True
Is 3932407 a composite number?
True
Is 228181567 prime?
True
Is 3851795 a prime number?
False
Is 496283 prime?
True
Is 776989 composite?
True
Is 436774834 composite?
True
Is 163127347 a prime number?
True
Is 311914979 prime?
True
Is 24650193 prime?
False
Is 1001744671 composite?
True
Is 61785091 composite?
True
Is 29562131 a prime number?
True
Is 873209 a prime number?
True
Is 18296779 a composite number?
True
Is 1768747 prime?
True
Is 67322831 composite?
False
Is 644437 prime?
False
Is 70031723 prime?
False
Is 7395533 composite?
True
Is 48235559 a composite number?
True
Is 292335643 a prime number?
True
Is 48438545 a composite number?
True
Is 1249830301 prime?
True
Is 8253667 prime?
True
Is 250836611 a composite number?
True
Is 26481287 composite?
True
Is 2167883 a prime number?
True
Is 8981779 prime?
False
Is 18224417 a prime number?
True
Is 39555589 a prime number?
True
Is 31441541 a prime number?
True
Is 660454 a prime number?
False
Is 306758371 a composite number?
False
Is 1057622 composite?
True
Is 79110097 prime?
False
Is 268088629 composite?
False
Is 331041481 composite?
False
Is 4824023 composite?
True
Is 3498191 a composite number?
False
Is 13702823 composite?
True
Is 4194789 composite?
True
Is 405351781 composite?
False
Is 73025791 composite?
False
Is 14337503 prime?
False
Is 203456053 composite?
False
Is 7763281 a composite number?
True
Is 36853987 composite?
True
Is 14711489 composite?
True
Is 320854733 composite?
False
Is 6495469 a prime number?
False
Is 18017611 a composite number?
True
Is 8366509 a composite number?
True
Is 40799 composite?
True
Is 15831689 composite?
False
Is 7555043 prime?
True
Is 7767293 a prime number?
True
Is 7741207 composite?
False
Is 548968135 composite?
True
Is 933565751 a prime number?
True
Is 2269307 a prime number?
True
Is 26000057 composite?
True
Is 1418297 a composite number?
False
Is 99795785 composite?
True
Is 46993 a prime number?
True
Is 485893 a prime number?
True
Is 172787 composite?
False
Is 512544083 composite?
True
Is 2999449 a composite number?
True
Is 11986349 a composite number?
True
Is 48623399 prime?
False
Is 16344397 a prime number?
True
Is 62763397 prime?
True
Is 11930333 a composite number?
False
Is 3727327 a composite number?
True
Is 1860299 a composite number?
True
Is 17307106 composite?
True
Is 9713551 composite?
True
Is 177421 a composite number?
False
Is 303503 prime?
False
Is 1701263 prime?
True
Is 1867709 a prime number?
True
Is 26996419 prime?
False
Is 20595509 a composite number?
True
Is 6197861 composite?
True
Is 537503 prime?
False
Is 582067 composite?
False
Is 302393131 a composite number?
False
Is 32355467 a prime number?
True
Is 3172177 a prime number?
False
Is 68376943 composite?
True
Is 492007 a prime number?
True
Is 24171199 a composite number?
True
Is 16629353 a prime number?
False
Is 16987423 a composite number?
False
Is 2558147 a composite number?
True
Is 800375845 composite?
True
Is 291953897 a composite number?
False
Is 1743283 a composite number?
False
Is 4869517 composite?
False
Is 1013543437 prime?
True
Is 14052697 a prime number?
False
Is 932717 prime?
False
Is 9718249 composite?
True
Is 2886139 prime?
True
Is 845896357 composite?
True
Is 128951051 a prime number?
True
Is 6460417 composite?
True
Is 1932653 a composite number?
True
Is 6230429 prime?
True
Is 36203803 a composite number?
True
Is 1497619 prime?
True
Is 5233597 prime?
False
Is 6178687 a prime number?
False
Is 5465342 a composite number?
True
Is 28603769 a composite number?
False
Is 646786281 a composite number?
True
Is 19475081 a composite number?
True
Is 1640101 a composite number?
True
Is 9980131 prime?
False
Is 130743059 composite?
False
Is 3521594 prime?
False
Is 3431159 a prime number?
False
Is 6524989 composite?
True
Is 2691187 a prime number?
True
Is 2354101 composite?
True
Is 121878811 a prime number?
False
Is 92612431 composite?
True
Is 2493707 composite?
False
Is 246148811 a prime number?
True
Is 85005809 a prime number?
False
Is 12083755 a composite number?
True
Is 430411 a composite number?
False
Is 194368529 a prime number?
True
Is 11283565 composite?
True
Is 3044689 composite?
True
Is 579907169 prime?
True
Is 41671 a prime number?
False
Is 37209257 a prime numb